42?
2
What is the tens digit of 452993?
9
What is the hundreds digit of 402504?
5
What is the millions digit of 7337689?
7
What is the thousands digit of 202425?
2
What is the ten thousands digit of 993765?
9
What is the units digit of 1191966?
6
What is the units digit of 1226571?
1
What is the tens digit of 207178?
7
What is the ten thousands digit of 128742?
2
What is the tens digit of 450661?
6
What is the tens digit of 188273?
7
What is the hundreds digit of 816731?
7
What is the tens digit of 1348137?
3
What is the units digit of 56097?
7
What is the thousands digit of 36577?
6
What is the units digit of 15350812?
2
What is the thousands digit of 322862?
2
What is the millions digit of 8285687?
8
What is the millions digit of 8762498?
8
What is the units digit of 257426?
6
What is the hundred thousands digit of 711858?
7
What is the units digit of 13146238?
8
What is the millions digit of 1961080?
1
What is the hundred thousands digit of 394455?
3
What is the tens digit of 30272734?
3
What is the hundreds digit of 137937?
9
What is the tens digit of 9192185?
8
What is the tens digit of 157087?
8
What is the hundred thousands digit of 3285232?
2
What is the hundred thousands digit of 11477637?
4
What is the ten thousands digit of 307122?
0
What is the thousands digit of 2698975?
8
What is the tens digit of 3566123?
2
What is the millions digit of 1295467?
1
What is the units digit of 333047?
7
What is the ten thousands digit of 648037?
4
What is the hundreds digit of 97200?
2
What is the ten thousands digit of 16808144?
0
What is the units digit of 9311235?
5
What is the ten thousands digit of 3304920?
0
What is the thousands digit of 86626?
6
What is the ten thousands digit of 115656?
1
What is the units digit of 9114985?
5
What is the hundreds digit of 9311?
3
What is the units digit of 2008735?
5
What is the millions digit of 1763091?
1
What is the tens digit of 2966432?
3
What is the units digit of 11295788?
8
What is the ten thousands digit of 528133?
2
What is the hundred thousands digit of 24469116?
4
What is the tens digit of 1091786?
8
What is the tens digit of 31456?
5
What is the units digit of 9197891?
1
What is the ten millions digit of 21905703?
2
What is the hundred thousands digit of 443671?
4
What is the hundreds digit of 2615194?
1
What is the hundreds digit of 471660?
6
What is the units digit of 236730?
0
What is the hundred thousands digit of 5077229?
0
What is the hundreds digit of 3810583?
5
What is the hundred thousands digit of 298220?
2
What is the units digit of 1934597?
7
What is the tens digit of 778190?
9
What is the units digit of 629787?
7
What is the ten thousands digit of 753448?
5
What is the tens digit of 213904?
0
What is the ten thousands digit of 3361472?
6
What is the hundreds digit of 70377?
3
What is the tens digit of 3962388?
8
What is the tens digit of 4668?
6
What is the units digit of 93296?
6
What is the units digit of 1179391?
1
What is the millions digit of 19351568?
9
What is the thousands digit of 2016404?
6
What is the ten thousands digit of 82238?
8
What is the ten thousands digit of 2339038?
3
What is the tens digit of 1035991?
9
What is the thousands digit of 8271315?
1
What is the thousands digit of 1203773?
3
What is the thousands digit of 1203670?
3
What is the thousands digit of 716563?
6
What is the thousands digit of 2144648?
4
What is the hundreds digit of 29106254?
2
What is the ten thousands digit of 2069360?
6
What is the ten thousands digit of 321191?
2
What is the tens digit of 143581?
8
What is the thousands digit of 1224497?
4
What is the hundreds digit of 28301?
3
What is the tens digit of 2481128?
2
What is the units digit of 158114?
4
What is the hundreds digit of 3443243?
2
What is the hundreds digit of 678423?
4
What is the hundred thousands digit of 1259063?
2
What is the ten thousands digit of 601652?
0
What is the thousands digit of 26322685?
2
What is the hundreds digit of 500929?
9
What is the tens digit of 54090?
9
What is the hundreds digit of 138710?
7
What is the ten millions digit of 10009319?
1
What is the hundreds digit of 219607?
6
What is the hundreds digit of 71226?
2
What is the thousands digit of 146012?
6
What is the units digit of 8733?
3
What is the hundreds digit of 728716?
7
What is the tens digit of 4509017?
1
What is the units digit of 24788866?
6
What is the ten thousands digit of 77954?
7
What is the hundred thousands digit of 10262433?
2
What is the ten thousands digit of 22218333?
1
What is the thousands digit of 252277?
2
What is the thousands digit of 1466973?
6
What is the thousands digit of 374427?
4
What is the hundreds digit of 8924684?
6
What is the hundred thousands digit of 7308501?
3
What is the thousands digit of 1710931?
0
What is the tens digit of 7800272?
7
What is the tens digit of 3631959?
5
What is the units digit of 143569?
9
What is the hundreds digit of 2624237?
2
What is the units digit of 6142337?
7
What is the thousands digit of 26921180?
1
What is the thousands digit of 2247978?
7
What is the hundred thousands digit of 124329?
1
What is the millions digit of 1155506?
1
What is the hundreds digit of 659332?
3
What is the hundreds digit of 5170673?
6
What is the tens digit of 129755?
5
What is the hundred thousands digit of 9579492?
5
What is the ten thousands digit of 5024033?
2
What is the hundred thousands digit of 256641?
2
What is the hundred thousands digit of 8838173?
8
What is the millions digit of 4041754?
4
What is the units digit of 7498156?
6
What is the thousands digit of 24514422?
4
What is the ten thousands digit of 839968?
3
What is the thousands digit of 23646147?
6
What is the thousands digit of 6440?
6
What is the ten thousands digit of 379355?
7
What is the units digit of 537178?
8
What is the hundreds digit of 1087612?
6
What is the ten thousands digit of 141967?
4
What is the hundred thousands digit of 18873232?
8
What is the tens digit of 2676098?
9
What is the millions digit of 1763747?
1
What is the hundred thousands digit of 6759541?
7
What is the units digit of 2520327?
7
What is the thousands digit of 10115166?
5
What is the thousands digit of 281506?
1
What is the tens digit of 1566670?
7
What is the tens digit of 552157?
5
What is the millions digit of 5758836?
5
What is the thousands digit of 25336016?
6
What is the units digit of 311795?
5
What is the tens digit of 28936895?
9
What is the tens digit of 964011?
1
What is the tens digit of 540765?
6
What is the hundreds digit of 19555862?
8
What is the hundreds digit of 114484?
4
What is the hundreds digit of 11365059?
0
What is the hundred thousands digit of 454426?
4
What is the tens digit of 411079?
7
What is the thousands digit of 3590796?
0
What is the millions digit of 1039725?
1
What is the tens digit of 7000304?
0
What is the tens digit of 2340965?
6
What is the units digit of 7048981?
1
What is the hundreds digit of 4969988?
9
What is the hundred thousands digit of 230529?
2
What is the hundred thousands digit of 2664120?
6
What is the units digit of 1287820?
0
What is the tens digit of 758706?
0
What is the thousands digit of 2911477?
1
What is the thousands digit of 5213957?
3
What is the ten thousands digit of 301213?
0
What is the units digit of 807787?
7
What is the ten thousands digit of 3242040?
4
What is the thousands digit of 19088?
9
What is the ten thousands digit of 3139262?
3
What is the ten thousands digit of 315617?
1
What is the units digit of 2347837?
7
What is the hundred thousands digit of 13181332?
1
What is the hundred thousands digit of 6141497?
1
What is the thousands digit of 2936883?
6
What is the tens digit of 885659?
5
What is the thousands digit of 3719845?
9
What is the thousands digit of 64528?
4
What is the thousands digit of 1253025?
3
What is the hundreds digit of 6259080?
0
What is the tens digit of 594946?
4
What is the ten thousands digit of 3146149?
4
What is the ten thousands digit of 30409475?
0
What is the ten thousands digit of 1811696?
1
What is the units digit of 181231?
1
What is the thousands digit of 1967239?
7
What is the units digit of 4176531?
1
What is the hundreds digit of 339226?
2
What is the ten thousands digit of 1234512?
3
What is the hundred thousands digit of 388332?